{"id":8262,"date":"2024-10-20T11:13:21","date_gmt":"2024-10-20T09:13:21","guid":{"rendered":"https:\/\/nijar.org\/?post_type=tribe_events&#038;p=8262"},"modified":"2024-10-20T11:24:44","modified_gmt":"2024-10-20T09:24:44","slug":"retiro-de-silencio-nam-com-yoginam-novembro-2024","status":"publish","type":"tribe_events","link":"https:\/\/nijar.org\/pt\/evento\/retiro-de-silencio-nam-com-yoginam-novembro-2024","title":{"rendered":"Retiro de Sil\u00eancio N\u00e2m com Yogin\u00e2m novembro 2024"},"content":{"rendered":"<p>Cinco dias de sil\u00eancio total com um programa di\u00e1rio de medita\u00e7\u00f5es regulares apoiadas pela HarpMood da Yogin\u00e2m.<\/p>","protected":false},"excerpt":{"rendered":"<p>Cinco dias de sil\u00eancio total com um programa di\u00e1rio de medita\u00e7\u00f5es regulares apoiadas pela HarpMood da Yogin\u00e2m.<\/p>","protected":false},"author":8,"featured_media":1529,"template":"","meta":{"_kad_post_transparent":"","_kad_post_title":"","_kad_post_layout":"","_kad_post_sidebar_id":"","_kad_post_content_style":"","_kad_post_vertical_padding":"","_kad_post_feature":"","_kad_post_feature_position":"","_kad_post_header":false,"_kad_post_footer":false,"_kad_post_classname":"","_tribe_events_status":"","_tribe_events_status_reason":"","footnotes":""},"tags":[73,88],"tribe_events_cat":[55,82],"class_list":["post-8262","tribe_events","type-tribe_events","status-publish","has-post-thumbnail","hentry","tag-nam","tag-silence","tribe_events_cat-nam","tribe_events_cat-nam-silence-retreat","cat_nam","cat_nam-silence-retreat"],"aioseo_notices":[],"_links":{"self":[{"href":"https:\/\/nijar.org\/pt\/wp-json\/wp\/v2\/tribe_events\/8262","targetHints":{"allow":["GET"]}}],"collection":[{"href":"https:\/\/nijar.org\/pt\/wp-json\/wp\/v2\/tribe_events"}],"about":[{"href":"https:\/\/nijar.org\/pt\/wp-json\/wp\/v2\/types\/tribe_events"}],"author":[{"embeddable":true,"href":"https:\/\/nijar.org\/pt\/wp-json\/wp\/v2\/users\/8"}],"version-history":[{"count":0,"href":"https:\/\/nijar.org\/pt\/wp-json\/wp\/v2\/tribe_events\/8262\/revisions"}],"wp:featuredmedia":[{"embeddable":true,"href":"https:\/\/nijar.org\/pt\/wp-json\/wp\/v2\/media\/1529"}],"wp:attachment":[{"href":"https:\/\/nijar.org\/pt\/wp-json\/wp\/v2\/media?parent=8262"}],"wp:term":[{"taxonomy":"post_tag","embeddable":true,"href":"https:\/\/nijar.org\/pt\/wp-json\/wp\/v2\/tags?post=8262"},{"taxonomy":"tribe_events_cat","embeddable":true,"href":"https:\/\/nijar.org\/pt\/wp-json\/wp\/v2\/tribe_events_cat?post=8262"}],"curies":[{"name":"wp","href":"https:\/\/api.w.org\/{rel}","templated":true}]}}

Retiro de Silêncio Nâm com Yoginâm novembro 2024

<p>Cinco dias de silêncio total com um programa diário de meditações regulares apoiadas pela HarpMood da Yoginâm.</p>
