{"id":8159,"date":"2024-09-05T13:42:54","date_gmt":"2024-09-05T11:42:54","guid":{"rendered":"https:\/\/nijar.org\/?post_type=tribe_events&#038;p=8159"},"modified":"2024-09-05T16:37:57","modified_gmt":"2024-09-05T14:37:57","slug":"retiro-de-qi-gong-setembro-2024","status":"publish","type":"tribe_events","link":"https:\/\/nijar.org\/pt\/evento\/retiro-de-qi-gong-setembro-2024","title":{"rendered":"Retiro de Qi Gong setembro 2024"},"content":{"rendered":"<p><strong>Descubra a paz interior e a energia no sul de Espanha<\/strong><br \/>\nDe 25 a 30 de setembro, dois professores experientes de Qigong, Angelique Jacobs-Roos e Bram Griffioen, est\u00e3o a organizar um retiro \u00fanico no belo sul de Espanha. Estaremos hospedados no Jardim de N\u00e2m, um o\u00e1sis na Andaluzia, onde o guiaremos numa viagem de explora\u00e7\u00e3o interior e energia renovada.<\/p>\n<p><strong>Preparar para o inverno<\/strong><br \/>\nNo in\u00edcio do outono, \u00e9 importante preparar o corpo e a mente para os pr\u00f3ximos meses de inverno. Porque \u00e9 que n\u00e3o nos podemos sentir t\u00e3o bem durante os meses mais escuros como nos meses quentes de ver\u00e3o? O Qigong oferece o m\u00e9todo perfeito para tornar esta transi\u00e7\u00e3o suave e poderosa. O nosso objetivo \u00e9 ajud\u00e1-lo a fechar o ver\u00e3o com energia renovada, discernimento e calma, pronto para o outono e inverno. E onde melhor para fazer isso do que no ensolarado sul de Espanha, onde ainda podemos desfrutar do \u00faltimo peda\u00e7o de gl\u00f3ria do ver\u00e3o?<\/p>\n<p><strong>O que esperar?<\/strong><br \/>\nDurante este retiro de Qigong, vamos concentrar-nos nos \u00f3rg\u00e3os Yin e Yang, cada um com os seus pr\u00f3prios meridianos, movimentos, sons e cores. Tamb\u00e9m aprender\u00e1 a forma de Qigong Ba Duan Jin, que re\u00fane tudo. As aulas de Qigong s\u00e3o harmoniosamente integradas no ritmo di\u00e1rio de refei\u00e7\u00f5es (vegetarianas) e medita\u00e7\u00f5es no Jardim de N\u00e2m. A participa\u00e7\u00e3o nas medita\u00e7\u00f5es \u00e9 opcional e, juntamente com as deliciosas refei\u00e7\u00f5es, est\u00e1 inclu\u00edda no pre\u00e7o.<\/p>\n<p><strong>Informa\u00e7\u00f5es pr\u00e1ticas<\/strong><br \/>\nO pre\u00e7o do retiro depende do tipo de quarto e inclui refei\u00e7\u00f5es vegetarianas e workshops de Qigong (para 5 dias, 350-600 euros por pessoa). O voo n\u00e3o est\u00e1 inclu\u00eddo. Est\u00e1 dispon\u00edvel um voo direto no dia 25 de setembro de Roterd\u00e3o (Transavia) para Almeria (Espanha) e regresso no dia 30 de setembro.<\/p>\n<p><strong>Registar agora!<\/strong><br \/>\nGostaria de participar nesta experi\u00eancia transformadora e terminar o ano com paz e for\u00e7a interior? Inscreva-se j\u00e1 no nosso retiro de Qigong. N\u00e3o perca esta oportunidade e desfrute de uma semana inesquec\u00edvel de crescimento e conex\u00e3o.<br \/>\nContacte-nos para mais informa\u00e7\u00f5es e para se inscrever. Esperamos dar-lhe as boas-vindas ao ensolarado sul de Espanha!<\/p>","protected":false},"excerpt":{"rendered":"<p>Descubra a paz interior e a energia no sul de Espanha De 25 a 30 de setembro, dois professores experientes de Qigong, Angelique Jacobs-Roos e Bram Griffioen, est\u00e3o a organizar um retiro \u00fanico na bela...<\/p>","protected":false},"author":8,"featured_media":7535,"template":"","meta":{"_kad_post_transparent":"","_kad_post_title":"","_kad_post_layout":"","_kad_post_sidebar_id":"","_kad_post_content_style":"","_kad_post_vertical_padding":"","_kad_post_feature":"","_kad_post_feature_position":"","_kad_post_header":false,"_kad_post_footer":false,"_kad_post_classname":"","_tribe_events_status":"","_tribe_events_status_reason":"","footnotes":""},"tags":[60],"tribe_events_cat":[87,56],"class_list":["post-8159","tribe_events","type-tribe_events","status-publish","has-post-thumbnail","hentry","tag-qi-gong","tribe_events_cat-qi-gong","tribe_events_cat-retreats","cat_qi-gong","cat_retreats"],"aioseo_notices":[],"_links":{"self":[{"href":"https:\/\/nijar.org\/pt\/wp-json\/wp\/v2\/tribe_events\/8159","targetHints":{"allow":["GET"]}}],"collection":[{"href":"https:\/\/nijar.org\/pt\/wp-json\/wp\/v2\/tribe_events"}],"about":[{"href":"https:\/\/nijar.org\/pt\/wp-json\/wp\/v2\/types\/tribe_events"}],"author":[{"embeddable":true,"href":"https:\/\/nijar.org\/pt\/wp-json\/wp\/v2\/users\/8"}],"version-history":[{"count":0,"href":"https:\/\/nijar.org\/pt\/wp-json\/wp\/v2\/tribe_events\/8159\/revisions"}],"wp:featuredmedia":[{"embeddable":true,"href":"https:\/\/nijar.org\/pt\/wp-json\/wp\/v2\/media\/7535"}],"wp:attachment":[{"href":"https:\/\/nijar.org\/pt\/wp-json\/wp\/v2\/media?parent=8159"}],"wp:term":[{"taxonomy":"post_tag","embeddable":true,"href":"https:\/\/nijar.org\/pt\/wp-json\/wp\/v2\/tags?post=8159"},{"taxonomy":"tribe_events_cat","embeddable":true,"href":"https:\/\/nijar.org\/pt\/wp-json\/wp\/v2\/tribe_events_cat?post=8159"}],"curies":[{"name":"wp","href":"https:\/\/api.w.org\/{rel}","templated":true}]}}

<p><strong>Descubra a paz interior e a energia no sul de Espanha</strong><br />
De 25 a 30 de setembro, dois professores experientes de Qigong, Angelique Jacobs-Roos e Bram Griffioen, estão a organizar um retiro único no belo sul de Espanha. Estaremos hospedados no Jardim de Nâm, um oásis na Andaluzia, onde o guiaremos numa viagem de exploração interior e energia renovada.</p>
<p><strong>Preparar para o inverno</strong><br />
No início do outono, é importante preparar o corpo e a mente para os próximos meses de inverno. Porque é que não nos podemos sentir tão bem durante os meses mais escuros como nos meses quentes de verão? O Qigong oferece o método perfeito para tornar esta transição suave e poderosa. O nosso objetivo é ajudá-lo a fechar o verão com energia renovada, discernimento e calma, pronto para o outono e inverno. E onde melhor para fazer isso do que no ensolarado sul de Espanha, onde ainda podemos desfrutar do último pedaço de glória do verão?</p>
<p><strong>O que esperar?</strong><br />
Durante este retiro de Qigong, vamos concentrar-nos nos órgãos Yin e Yang, cada um com os seus próprios meridianos, movimentos, sons e cores. Também aprenderá a forma de Qigong Ba Duan Jin, que reúne tudo. As aulas de Qigong são harmoniosamente integradas no ritmo diário de refeições (vegetarianas) e meditações no Jardim de Nâm. A participação nas meditações é opcional e, juntamente com as deliciosas refeições, está incluída no preço.</p>
<p><strong>Informações práticas</strong><br />
O preço do retiro depende do tipo de quarto e inclui refeições vegetarianas e workshops de Qigong (para 5 dias, 350-600 euros por pessoa). O voo não está incluído. Está disponível um voo direto no dia 25 de setembro de Roterdão (Transavia) para Almeria (Espanha) e regresso no dia 30 de setembro.</p>
<p><strong>Registar agora!</strong><br />
Gostaria de participar nesta experiência transformadora e terminar o ano com paz e força interior? Inscreva-se já no nosso retiro de Qigong. Não perca esta oportunidade e desfrute de uma semana inesquecível de crescimento e conexão.<br />
Contacte-nos para mais informações e para se inscrever. Esperamos dar-lhe as boas-vindas ao ensolarado sul de Espanha!</p>

<p>Descubra a paz interior e a energia no sul de Espanha De 25 a 30 de setembro, dois professores experientes de Qigong, Angelique Jacobs-Roos e Bram Griffioen, estão a organizar um retiro único na bela...</p>
