{"id":9080,"date":"2025-03-29T16:53:56","date_gmt":"2025-03-29T15:53:56","guid":{"rendered":"https:\/\/nijar.org\/?post_type=tribe_events&#038;p=9080"},"modified":"2025-03-29T16:54:36","modified_gmt":"2025-03-29T15:54:36","slug":"ritiro-del-silenzio-per-donne-con-yoginam-settembre-2025","status":"publish","type":"tribe_events","link":"https:\/\/nijar.org\/it\/evento\/ritiro-del-silenzio-per-donne-con-yoginam-settembre-2025","title":{"rendered":"Ritiro di silenzio N\u00e2m per donne con Yogin\u00e2m Settembre 2025"},"content":{"rendered":"<p><em>Organizzato da Carin Noltee<\/em><\/p>\n<p>Un autentico ritiro del silenzio di N\u00e2m, con un giorno di atterraggio in pi\u00f9 e un prezzo speciale per i gruppi. Questo ritiro \u00e8 riservato alle donne.<\/p>\n<p class=\"whitespace-pre-wrap break-words\">Lasciatevi guidare nella meditazione da Yogin\u00e2m e dai monaci e sperimentate una profonda pace e consapevolezza.<\/p>\n<p class=\"whitespace-pre-wrap break-words\">Godetevi le cure amorevoli e i pasti nutrienti, prevalentemente biologici e vegetariani, preparati al momento dal nostro orto.<\/p>\n<p class=\"whitespace-pre-wrap break-words\">Passeggiate lungo sentieri splendidamente disegnati e lasciatevi abbracciare dalla natura.<\/p>\n<p class=\"whitespace-pre-wrap break-words\">Soggiornate in camere eleganti e confortevoli, dove potrete sentirvi completamente a vostro agio.<\/p>\n<p class=\"whitespace-pre-wrap break-words\">Con un'attenzione personale prima, durante e dopo il ritiro, per garantire un'esperienza profonda e duratura.<\/p>\n<p class=\"whitespace-pre-wrap break-words\"><strong>Interessante prezzo di gruppo di 795 euro.<\/strong><\/p>\n<p>Per maggiori informazioni consultare la pagina del Ritiro N\u00e2m <a href=\"https:\/\/nijar.org\/it\/ritiro-del-silenzio-in-andalusia-nijar\/\" target=\"_blank\" rel=\"noopener\">qui<\/a>.<\/p>","protected":false},"excerpt":{"rendered":"<p>Organizzato da Carin Noltee Un autentico ritiro del silenzio di N\u00e2m, con un giorno di atterraggio in pi\u00f9 e un prezzo speciale per i gruppi. Questo ritiro \u00e8 riservato alle donne. Lasciatevi guidare in...<\/p>","protected":false},"author":8,"featured_media":9105,"template":"","meta":{"_kad_post_transparent":"","_kad_post_title":"","_kad_post_layout":"","_kad_post_sidebar_id":"","_kad_post_content_style":"","_kad_post_vertical_padding":"","_kad_post_feature":"","_kad_post_feature_position":"","_kad_post_header":false,"_kad_post_footer":false,"_kad_post_classname":"","_tribe_events_status":"","_tribe_events_status_reason":"","footnotes":""},"tags":[],"tribe_events_cat":[55,82],"class_list":["post-9080","tribe_events","type-tribe_events","status-publish","has-post-thumbnail","hentry","tribe_events_cat-nam","tribe_events_cat-nam-silence-retreat","cat_nam","cat_nam-silence-retreat"],"aioseo_notices":[],"_links":{"self":[{"href":"https:\/\/nijar.org\/it\/wp-json\/wp\/v2\/tribe_events\/9080","targetHints":{"allow":["GET"]}}],"collection":[{"href":"https:\/\/nijar.org\/it\/wp-json\/wp\/v2\/tribe_events"}],"about":[{"href":"https:\/\/nijar.org\/it\/wp-json\/wp\/v2\/types\/tribe_events"}],"author":[{"embeddable":true,"href":"https:\/\/nijar.org\/it\/wp-json\/wp\/v2\/users\/8"}],"version-history":[{"count":1,"href":"https:\/\/nijar.org\/it\/wp-json\/wp\/v2\/tribe_events\/9080\/revisions"}],"predecessor-version":[{"id":9104,"href":"https:\/\/nijar.org\/it\/wp-json\/wp\/v2\/tribe_events\/9080\/revisions\/9104"}],"wp:featuredmedia":[{"embeddable":true,"href":"https:\/\/nijar.org\/it\/wp-json\/wp\/v2\/media\/9105"}],"wp:attachment":[{"href":"https:\/\/nijar.org\/it\/wp-json\/wp\/v2\/media?parent=9080"}],"wp:term":[{"taxonomy":"post_tag","embeddable":true,"href":"https:\/\/nijar.org\/it\/wp-json\/wp\/v2\/tags?post=9080"},{"taxonomy":"tribe_events_cat","embeddable":true,"href":"https:\/\/nijar.org\/it\/wp-json\/wp\/v2\/tribe_events_cat?post=9080"}],"curies":[{"name":"wp","href":"https:\/\/api.w.org\/{rel}","templated":true}]}}

Ritiro di silenzio Nâm per donne con Yoginâm Settembre 2025

<p><em>Organizzato da Carin Noltee</em></p>
<p>Un autentico ritiro del silenzio di Nâm, con un giorno di atterraggio in più e un prezzo speciale per i gruppi. Questo ritiro è riservato alle donne.</p>
<p class="whitespace-pre-wrap break-words">Lasciatevi guidare nella meditazione da Yoginâm e dai monaci e sperimentate una profonda pace e consapevolezza.</p>
<p class="whitespace-pre-wrap break-words">Godetevi le cure amorevoli e i pasti nutrienti, prevalentemente biologici e vegetariani, preparati al momento dal nostro orto.</p>
<p class="whitespace-pre-wrap break-words">Passeggiate lungo sentieri splendidamente disegnati e lasciatevi abbracciare dalla natura.</p>
<p class="whitespace-pre-wrap break-words">Soggiornate in camere eleganti e confortevoli, dove potrete sentirvi completamente a vostro agio.</p>
<p class="whitespace-pre-wrap break-words">Con un'attenzione personale prima, durante e dopo il ritiro, per garantire un'esperienza profonda e duratura.</p>
<p class="whitespace-pre-wrap break-words"><strong>Interessante prezzo di gruppo di 795 euro.</strong></p>
<p>Per maggiori informazioni consultare la pagina del Ritiro Nâm <a href="https://nijar.org/it/ritiro-del-silenzio-in-andalusia-nijar/" target="_blank" rel="noopener">qui</a>.</p>

<p>Organizzato da Carin Noltee Un autentico ritiro del silenzio di Nâm, con un giorno di atterraggio in più e un prezzo speciale per i gruppi. Questo ritiro è riservato alle donne. Lasciatevi guidare in...</p>
